{"id":29660,"date":"2026-02-12T16:12:40","date_gmt":"2026-02-12T16:12:40","guid":{"rendered":"https:\/\/mjimport.com.br\/?post_type=product&#038;p=29660"},"modified":"2026-03-13T20:05:27","modified_gmt":"2026-03-13T20:05:27","slug":"adaptador-multifuncao-5-em-1-peining","status":"publish","type":"product","link":"https:\/\/mjimport.com.br\/?product=adaptador-multifuncao-5-em-1-peining","title":{"rendered":"ADAPTADOR MULTIFUN\u00c7\u00c3O PEL-HUB24 5 EM 1 PEINING"},"content":{"rendered":"","protected":false},"excerpt":{"rendered":"<p>ADAPTADOR MULTIFUN\u00c7\u00c3O 5 EM 1 PEINING<\/p>\n<p>MODELO: PEL-HUB24<\/p>\n<p>2.0 USBX2 3.0 USBX1 SD\/TFX1<\/p>\n<p>4K<\/p>\n","protected":false},"featured_media":29662,"template":"","meta":[],"product_brand":[],"product_cat":[97],"product_tag":[],"class_list":{"0":"post-29660","1":"product","2":"type-product","3":"status-publish","4":"has-post-thumbnail","6":"product_cat-adaptadorhub","8":"first","9":"instock","10":"sale","11":"virtual","12":"purchasable","13":"product-type-simple"},"_links":{"self":[{"href":"https:\/\/mjimport.com.br\/index.php?rest_route=\/wp\/v2\/product\/29660","targetHints":{"allow":["GET"]}}],"collection":[{"href":"https:\/\/mjimport.com.br\/index.php?rest_route=\/wp\/v2\/product"}],"about":[{"href":"https:\/\/mjimport.com.br\/index.php?rest_route=\/wp\/v2\/types\/product"}],"version-history":[{"count":3,"href":"https:\/\/mjimport.com.br\/index.php?rest_route=\/wp\/v2\/product\/29660\/revisions"}],"predecessor-version":[{"id":30869,"href":"https:\/\/mjimport.com.br\/index.php?rest_route=\/wp\/v2\/product\/29660\/revisions\/30869"}],"wp:featuredmedia":[{"embeddable":true,"href":"https:\/\/mjimport.com.br\/index.php?rest_route=\/wp\/v2\/media\/29662"}],"wp:attachment":[{"href":"https:\/\/mjimport.com.br\/index.php?rest_route=%2Fwp%2Fv2%2Fmedia&parent=29660"}],"wp:term":[{"taxonomy":"product_brand","embeddable":true,"href":"https:\/\/mjimport.com.br\/index.php?rest_route=%2Fwp%2Fv2%2Fproduct_brand&post=29660"},{"taxonomy":"product_cat","embeddable":true,"href":"https:\/\/mjimport.com.br\/index.php?rest_route=%2Fwp%2Fv2%2Fproduct_cat&post=29660"},{"taxonomy":"product_tag","embeddable":true,"href":"https:\/\/mjimport.com.br\/index.php?rest_route=%2Fwp%2Fv2%2Fproduct_tag&post=29660"}],"curies":[{"name":"wp","href":"https:\/\/api.w.org\/{rel}","templated":true}]}}