{"id":30107,"date":"2026-02-28T13:24:27","date_gmt":"2026-02-28T13:24:27","guid":{"rendered":"https:\/\/mjimport.com.br\/?post_type=product&#038;p=30107"},"modified":"2026-04-14T15:05:33","modified_gmt":"2026-04-14T15:05:33","slug":"caixa-de-som-peining-60-w-c-rgb","status":"publish","type":"product","link":"https:\/\/mjimport.com.br\/?product=caixa-de-som-peining-60-w-c-rgb","title":{"rendered":"CAIXA DE SOM PEI-282BTS PEINING 60 W C RGB"},"content":{"rendered":"","protected":false},"excerpt":{"rendered":"<p>CAIXA DE SOM PEINING 60 W C RGB<\/p>\n<p>MODELO: PEI-282BTS<\/p>\n<p>COM LED RGB \/ 6OW \/ BLUETOOTH 5.3 \/ DIST\u00c2NCIA AT\u00c9 15 METROS LIVRE \/\u00a0 DURA\u00c7\u00c3O DE AT\u00c9 8 HORAS ( EM VOLUME MEDIO) \/ USB \/ TF CARD (AT\u00c9 64 GB \/ TWS \/ CABO AUX \/ CARREGAMENTO VIA CABO TP C \/ RESISTENTE A AGUA \/ DIMENS\u00c3O DO PRODUTO: 93 MM \/ MATERIAL ABS+SILICONE\/ BATERIA EM LITIO<\/p>\n","protected":false},"featured_media":30109,"template":"","meta":[],"product_brand":[],"product_cat":[79],"product_tag":[],"class_list":{"0":"post-30107","1":"product","2":"type-product","3":"status-publish","4":"has-post-thumbnail","6":"product_cat-caixa-de-som","8":"first","9":"instock","10":"sale","11":"virtual","12":"purchasable","13":"product-type-simple"},"_links":{"self":[{"href":"https:\/\/mjimport.com.br\/index.php?rest_route=\/wp\/v2\/product\/30107","targetHints":{"allow":["GET"]}}],"collection":[{"href":"https:\/\/mjimport.com.br\/index.php?rest_route=\/wp\/v2\/product"}],"about":[{"href":"https:\/\/mjimport.com.br\/index.php?rest_route=\/wp\/v2\/types\/product"}],"version-history":[{"count":3,"href":"https:\/\/mjimport.com.br\/index.php?rest_route=\/wp\/v2\/product\/30107\/revisions"}],"predecessor-version":[{"id":32988,"href":"https:\/\/mjimport.com.br\/index.php?rest_route=\/wp\/v2\/product\/30107\/revisions\/32988"}],"wp:featuredmedia":[{"embeddable":true,"href":"https:\/\/mjimport.com.br\/index.php?rest_route=\/wp\/v2\/media\/30109"}],"wp:attachment":[{"href":"https:\/\/mjimport.com.br\/index.php?rest_route=%2Fwp%2Fv2%2Fmedia&parent=30107"}],"wp:term":[{"taxonomy":"product_brand","embeddable":true,"href":"https:\/\/mjimport.com.br\/index.php?rest_route=%2Fwp%2Fv2%2Fproduct_brand&post=30107"},{"taxonomy":"product_cat","embeddable":true,"href":"https:\/\/mjimport.com.br\/index.php?rest_route=%2Fwp%2Fv2%2Fproduct_cat&post=30107"},{"taxonomy":"product_tag","embeddable":true,"href":"https:\/\/mjimport.com.br\/index.php?rest_route=%2Fwp%2Fv2%2Fproduct_tag&post=30107"}],"curies":[{"name":"wp","href":"https:\/\/api.w.org\/{rel}","templated":true}]}}