{"id":30261,"date":"2026-03-02T16:30:35","date_gmt":"2026-03-02T16:30:35","guid":{"rendered":"https:\/\/mjimport.com.br\/?post_type=product&#038;p=30261"},"modified":"2026-03-26T17:14:46","modified_gmt":"2026-03-26T17:14:46","slug":"caixa-de-som-peining-200-w-c-rgb","status":"publish","type":"product","link":"https:\/\/mjimport.com.br\/?product=caixa-de-som-peining-200-w-c-rgb","title":{"rendered":"CAIXA DE SOM PEI-S118 PEINING 200 W C RGB"},"content":{"rendered":"","protected":false},"excerpt":{"rendered":"<p>CAIXA DE SOM PEI-S118 PEINING 200 W C RGB<\/p>\n<p>MODELO: PEI-S118<\/p>\n<p>200 W COM RGB \/ BLUETOOTH 5.3 \/ DIST\u00c2NCIA AT\u00c9 12 METROS LIVRE \/\u00a0 DURA\u00c7\u00c3O DE AT\u00c9 12 HORAS ( EM VOLUME MEDIO) \/ CARREGAMENTO VIA CABO TP C \/ USB \/ CABO AUX \/\u00a0 TF CARD (AT\u00c9 64 BG ) \/ RESISTENTE A AGUA \/ 5000MAH \/ TENS\u00c3O DE ENTRADA 5V\/1A \/ COM AL\u00c7A \/ FUN\u00c7\u00c3O POWER BANK (BASICO)\u00a0 TAMANHO 410*170*208 MM<\/p>\n","protected":false},"featured_media":30262,"template":"","meta":[],"product_brand":[],"product_cat":[79],"product_tag":[],"class_list":{"0":"post-30261","1":"product","2":"type-product","3":"status-publish","4":"has-post-thumbnail","6":"product_cat-caixa-de-som","8":"first","9":"instock","10":"sale","11":"virtual","12":"purchasable","13":"product-type-simple"},"_links":{"self":[{"href":"https:\/\/mjimport.com.br\/index.php?rest_route=\/wp\/v2\/product\/30261","targetHints":{"allow":["GET"]}}],"collection":[{"href":"https:\/\/mjimport.com.br\/index.php?rest_route=\/wp\/v2\/product"}],"about":[{"href":"https:\/\/mjimport.com.br\/index.php?rest_route=\/wp\/v2\/types\/product"}],"version-history":[{"count":4,"href":"https:\/\/mjimport.com.br\/index.php?rest_route=\/wp\/v2\/product\/30261\/revisions"}],"predecessor-version":[{"id":31961,"href":"https:\/\/mjimport.com.br\/index.php?rest_route=\/wp\/v2\/product\/30261\/revisions\/31961"}],"wp:featuredmedia":[{"embeddable":true,"href":"https:\/\/mjimport.com.br\/index.php?rest_route=\/wp\/v2\/media\/30262"}],"wp:attachment":[{"href":"https:\/\/mjimport.com.br\/index.php?rest_route=%2Fwp%2Fv2%2Fmedia&parent=30261"}],"wp:term":[{"taxonomy":"product_brand","embeddable":true,"href":"https:\/\/mjimport.com.br\/index.php?rest_route=%2Fwp%2Fv2%2Fproduct_brand&post=30261"},{"taxonomy":"product_cat","embeddable":true,"href":"https:\/\/mjimport.com.br\/index.php?rest_route=%2Fwp%2Fv2%2Fproduct_cat&post=30261"},{"taxonomy":"product_tag","embeddable":true,"href":"https:\/\/mjimport.com.br\/index.php?rest_route=%2Fwp%2Fv2%2Fproduct_tag&post=30261"}],"curies":[{"name":"wp","href":"https:\/\/api.w.org\/{rel}","templated":true}]}}