{"id":30338,"date":"2026-03-03T16:17:10","date_gmt":"2026-03-03T16:17:10","guid":{"rendered":"https:\/\/mjimport.com.br\/?post_type=product&#038;p=30338"},"modified":"2026-03-03T16:35:10","modified_gmt":"2026-03-03T16:35:10","slug":"caixa-de-som-peining-pei-239bt-15w-c-rgb","status":"publish","type":"product","link":"https:\/\/mjimport.com.br\/?product=caixa-de-som-peining-pei-239bt-15w-c-rgb","title":{"rendered":"CAIXA DE SOM PEINING PEI-239BT 15W C RGB"},"content":{"rendered":"","protected":false},"excerpt":{"rendered":"<p>CAIXA DE SOM PEINING PEI-239BT 15W C RGB<\/p>\n<p>MODELO: PEI-239BT<\/p>\n<p>15 W C RGB \/ BLUETOOTH 5.1 \/ DISTANCIA DE AT\u00c9 18 METROS (LIVRE DE OBSTACULO) \/ DURA\u00c7\u00c3O DE AT\u00c9 6 (COM VOLUME DE AT\u00c9 50% ) \/ USB \/ TF CARD (AT\u00c9 64GB ) CABO AUX \/ TWS \/ CARREGAMENTO VIA CABO TP C\u00a0 \/\u00a0 MATERIAL ABS+BORRACHA \/ DC5V-1A<\/p>\n","protected":false},"featured_media":30339,"template":"","meta":[],"product_brand":[],"product_cat":[79],"product_tag":[],"class_list":{"0":"post-30338","1":"product","2":"type-product","3":"status-publish","4":"has-post-thumbnail","6":"product_cat-caixa-de-som","8":"first","9":"instock","10":"sale","11":"virtual","12":"purchasable","13":"product-type-simple"},"_links":{"self":[{"href":"https:\/\/mjimport.com.br\/index.php?rest_route=\/wp\/v2\/product\/30338","targetHints":{"allow":["GET"]}}],"collection":[{"href":"https:\/\/mjimport.com.br\/index.php?rest_route=\/wp\/v2\/product"}],"about":[{"href":"https:\/\/mjimport.com.br\/index.php?rest_route=\/wp\/v2\/types\/product"}],"version-history":[{"count":2,"href":"https:\/\/mjimport.com.br\/index.php?rest_route=\/wp\/v2\/product\/30338\/revisions"}],"predecessor-version":[{"id":30345,"href":"https:\/\/mjimport.com.br\/index.php?rest_route=\/wp\/v2\/product\/30338\/revisions\/30345"}],"wp:featuredmedia":[{"embeddable":true,"href":"https:\/\/mjimport.com.br\/index.php?rest_route=\/wp\/v2\/media\/30339"}],"wp:attachment":[{"href":"https:\/\/mjimport.com.br\/index.php?rest_route=%2Fwp%2Fv2%2Fmedia&parent=30338"}],"wp:term":[{"taxonomy":"product_brand","embeddable":true,"href":"https:\/\/mjimport.com.br\/index.php?rest_route=%2Fwp%2Fv2%2Fproduct_brand&post=30338"},{"taxonomy":"product_cat","embeddable":true,"href":"https:\/\/mjimport.com.br\/index.php?rest_route=%2Fwp%2Fv2%2Fproduct_cat&post=30338"},{"taxonomy":"product_tag","embeddable":true,"href":"https:\/\/mjimport.com.br\/index.php?rest_route=%2Fwp%2Fv2%2Fproduct_tag&post=30338"}],"curies":[{"name":"wp","href":"https:\/\/api.w.org\/{rel}","templated":true}]}}