{"id":30818,"date":"2026-03-12T16:35:10","date_gmt":"2026-03-12T16:35:10","guid":{"rendered":"https:\/\/mjimport.com.br\/?post_type=product&#038;p=30818"},"modified":"2026-03-12T16:35:25","modified_gmt":"2026-03-12T16:35:25","slug":"fone-de-ouvido-pei-p223-peining-unidade","status":"publish","type":"product","link":"https:\/\/mjimport.com.br\/?product=fone-de-ouvido-pei-p223-peining-unidade","title":{"rendered":"FONE DE OUVIDO PEI-P223 PEINING (UNIDADE)"},"content":{"rendered":"","protected":false},"excerpt":{"rendered":"<p>FONE DE OUVIDO PEI-P223 PEINING (UNIDADE)<\/p>\n<p>MODELO: PEI-P223<\/p>\n<p>BLUETOOTH 5.3 \/ DURA\u00c7\u00c3O DOS FONES AT\u00c9 6 HORAS \/ DURA\u00c7\u00c3O DO CASE 1 DIA \/ DISTANCIA DE ATE 10 METROS (LIVRES DE OBSTACULOS)\u00a0 \/ CARREGAMENTO DO CASE COM CABO TP C \/ TENS\u00c3O 3.7V \/ VERIFIQUE A DISPONIBILIDADE DAS CORES \/ ALTO FALANTE DE MEMBRANA COMPOSTA<\/p>\n","protected":false},"featured_media":30819,"template":"","meta":[],"product_brand":[99],"product_cat":[78],"product_tag":[102,103],"class_list":{"0":"post-30818","1":"product","2":"type-product","3":"status-publish","4":"has-post-thumbnail","6":"product_brand-peining","7":"product_cat-fones","8":"product_tag-fones","9":"product_tag-peining","11":"first","12":"instock","13":"sale","14":"virtual","15":"purchasable","16":"product-type-simple"},"_links":{"self":[{"href":"https:\/\/mjimport.com.br\/index.php?rest_route=\/wp\/v2\/product\/30818","targetHints":{"allow":["GET"]}}],"collection":[{"href":"https:\/\/mjimport.com.br\/index.php?rest_route=\/wp\/v2\/product"}],"about":[{"href":"https:\/\/mjimport.com.br\/index.php?rest_route=\/wp\/v2\/types\/product"}],"version-history":[{"count":2,"href":"https:\/\/mjimport.com.br\/index.php?rest_route=\/wp\/v2\/product\/30818\/revisions"}],"predecessor-version":[{"id":30822,"href":"https:\/\/mjimport.com.br\/index.php?rest_route=\/wp\/v2\/product\/30818\/revisions\/30822"}],"wp:featuredmedia":[{"embeddable":true,"href":"https:\/\/mjimport.com.br\/index.php?rest_route=\/wp\/v2\/media\/30819"}],"wp:attachment":[{"href":"https:\/\/mjimport.com.br\/index.php?rest_route=%2Fwp%2Fv2%2Fmedia&parent=30818"}],"wp:term":[{"taxonomy":"product_brand","embeddable":true,"href":"https:\/\/mjimport.com.br\/index.php?rest_route=%2Fwp%2Fv2%2Fproduct_brand&post=30818"},{"taxonomy":"product_cat","embeddable":true,"href":"https:\/\/mjimport.com.br\/index.php?rest_route=%2Fwp%2Fv2%2Fproduct_cat&post=30818"},{"taxonomy":"product_tag","embeddable":true,"href":"https:\/\/mjimport.com.br\/index.php?rest_route=%2Fwp%2Fv2%2Fproduct_tag&post=30818"}],"curies":[{"name":"wp","href":"https:\/\/api.w.org\/{rel}","templated":true}]}}