{"id":31542,"date":"2026-03-21T13:19:24","date_gmt":"2026-03-21T13:19:24","guid":{"rendered":"https:\/\/mjimport.com.br\/?post_type=product&#038;p=31542"},"modified":"2026-03-21T13:19:24","modified_gmt":"2026-03-21T13:19:24","slug":"carregador-de-inducao-pei-ws020-peining","status":"publish","type":"product","link":"https:\/\/mjimport.com.br\/?product=carregador-de-inducao-pei-ws020-peining","title":{"rendered":"CARREGADOR DE INDU\u00c7\u00c3O PEI-WS020 PEINING"},"content":{"rendered":"","protected":false},"excerpt":{"rendered":"<p>CARREGADOR DE INDU\u00c7\u00c3O PEI-WS020 PEINING<\/p>\n<p>MODELO: PEI-WS020<\/p>\n<p>MODELO INDU\u00c7\u00c3O 4 EM 1 \/ FONE \u2013 RELOGIO \u2013 CELULAR\u00a0 \/ LIGADO DIRETAMENTE NA TOMADA \/ MATERIAL ABS \/ SAIDA 15W \/ VOLTAGEM 9 V \/ MULTIPROTE\u00c7\u00c3O<\/p>\n","protected":false},"featured_media":31543,"template":"","meta":[],"product_brand":[99],"product_cat":[82],"product_tag":[103,100],"class_list":{"0":"post-31542","1":"product","2":"type-product","3":"status-publish","4":"has-post-thumbnail","6":"product_brand-peining","7":"product_cat-power-bank","8":"product_tag-peining","9":"product_tag-powerbank","11":"first","12":"instock","13":"sale","14":"virtual","15":"purchasable","16":"product-type-simple"},"_links":{"self":[{"href":"https:\/\/mjimport.com.br\/index.php?rest_route=\/wp\/v2\/product\/31542","targetHints":{"allow":["GET"]}}],"collection":[{"href":"https:\/\/mjimport.com.br\/index.php?rest_route=\/wp\/v2\/product"}],"about":[{"href":"https:\/\/mjimport.com.br\/index.php?rest_route=\/wp\/v2\/types\/product"}],"version-history":[{"count":2,"href":"https:\/\/mjimport.com.br\/index.php?rest_route=\/wp\/v2\/product\/31542\/revisions"}],"predecessor-version":[{"id":31546,"href":"https:\/\/mjimport.com.br\/index.php?rest_route=\/wp\/v2\/product\/31542\/revisions\/31546"}],"wp:featuredmedia":[{"embeddable":true,"href":"https:\/\/mjimport.com.br\/index.php?rest_route=\/wp\/v2\/media\/31543"}],"wp:attachment":[{"href":"https:\/\/mjimport.com.br\/index.php?rest_route=%2Fwp%2Fv2%2Fmedia&parent=31542"}],"wp:term":[{"taxonomy":"product_brand","embeddable":true,"href":"https:\/\/mjimport.com.br\/index.php?rest_route=%2Fwp%2Fv2%2Fproduct_brand&post=31542"},{"taxonomy":"product_cat","embeddable":true,"href":"https:\/\/mjimport.com.br\/index.php?rest_route=%2Fwp%2Fv2%2Fproduct_cat&post=31542"},{"taxonomy":"product_tag","embeddable":true,"href":"https:\/\/mjimport.com.br\/index.php?rest_route=%2Fwp%2Fv2%2Fproduct_tag&post=31542"}],"curies":[{"name":"wp","href":"https:\/\/api.w.org\/{rel}","templated":true}]}}