{"id":32347,"date":"2026-04-01T13:44:24","date_gmt":"2026-04-01T13:44:24","guid":{"rendered":"https:\/\/mjimport.com.br\/?post_type=product&#038;p=32347"},"modified":"2026-04-01T13:44:48","modified_gmt":"2026-04-01T13:44:48","slug":"secador-de-cabelo-oiv-433-vgr-oi-vida","status":"publish","type":"product","link":"https:\/\/mjimport.com.br\/?product=secador-de-cabelo-oiv-433-vgr-oi-vida","title":{"rendered":"Secador de Cabelo OIV-433 | VGR \u00ae OI VIDA"},"content":{"rendered":"","protected":false},"excerpt":{"rendered":"<h1 class=\"elementor-heading-title elementor-size-default\">Secador de Cabelo OIV-433 | VGR \u00ae OI VIDA<\/h1>\n<div class=\"elementor-element elementor-element-805202b txt-justify elementor-widget elementor-widget-theme-post-content\" data-id=\"805202b\" data-element_type=\"widget\" data-e-type=\"widget\" data-widget_type=\"theme-post-content.default\">\n<div class=\"elementor-widget-container\">\n<p class=\"\"><strong>Especifica\u00e7\u00e3o:<\/strong><\/p>\n<ul class=\"wp-block-list\">\n<li class=\"\">Modelo: OIV-433<\/li>\n<li class=\"\">Fonte De Alimenta\u00e7\u00e3o: El\u00e9trico<\/li>\n<li class=\"\">Pot\u00eancia: 110V 60Hz 2000W<\/li>\n<li class=\"\">Velocidade configura\u00e7\u00e3o: 2<\/li>\n<li class=\"\">Temperatura Ajuste: 3<\/li>\n<li class=\"\">Prote\u00e7\u00e3o contra sobreaquecimento: Sim<\/li>\n<li class=\"\">Fun\u00e7\u00e3o: Ar quente\/frio<\/li>\n<li class=\"\">Cabo: 2,2 m<\/li>\n<li class=\"\">Entrada: 110 ou 220 V<\/li>\n<\/ul>\n<\/div>\n<\/div>\n<div class=\"elementor-element elementor-element-e521fba elementor-widget elementor-widget-jet-listing-dynamic-field\" data-id=\"e521fba\" data-element_type=\"widget\" data-e-type=\"widget\" data-widget_type=\"jet-listing-dynamic-field.default\">\n<div class=\"elementor-widget-container\">\n<div class=\"jet-listing jet-listing-dynamic-field display-inline\">\n<div class=\"jet-listing-dynamic-field__inline-wrap\">\n<div class=\"jet-listing-dynamic-field__content\">\n<p><strong>Itens na caixa<\/strong>:<\/p>\n<ul>\n<li>1 * Secador de Cabelo\u00a0\u00a0OIV-433<\/li>\n<li>1 * Bocal direcional<\/li>\n<li>1 * Manual de instru\u00e7\u00f5es<\/li>\n<\/ul>\n<\/div>\n<\/div>\n<\/div>\n<\/div>\n<\/div>\n","protected":false},"featured_media":32348,"template":"","meta":[],"product_brand":[132],"product_cat":[84],"product_tag":[134],"class_list":{"0":"post-32347","1":"product","2":"type-product","3":"status-publish","4":"has-post-thumbnail","6":"product_brand-vgr","7":"product_cat-maquinas","8":"product_tag-secadordecabelo","10":"first","11":"instock","12":"sale","13":"virtual","14":"purchasable","15":"product-type-simple"},"_links":{"self":[{"href":"https:\/\/mjimport.com.br\/index.php?rest_route=\/wp\/v2\/product\/32347","targetHints":{"allow":["GET"]}}],"collection":[{"href":"https:\/\/mjimport.com.br\/index.php?rest_route=\/wp\/v2\/product"}],"about":[{"href":"https:\/\/mjimport.com.br\/index.php?rest_route=\/wp\/v2\/types\/product"}],"version-history":[{"count":3,"href":"https:\/\/mjimport.com.br\/index.php?rest_route=\/wp\/v2\/product\/32347\/revisions"}],"predecessor-version":[{"id":32352,"href":"https:\/\/mjimport.com.br\/index.php?rest_route=\/wp\/v2\/product\/32347\/revisions\/32352"}],"wp:featuredmedia":[{"embeddable":true,"href":"https:\/\/mjimport.com.br\/index.php?rest_route=\/wp\/v2\/media\/32348"}],"wp:attachment":[{"href":"https:\/\/mjimport.com.br\/index.php?rest_route=%2Fwp%2Fv2%2Fmedia&parent=32347"}],"wp:term":[{"taxonomy":"product_brand","embeddable":true,"href":"https:\/\/mjimport.com.br\/index.php?rest_route=%2Fwp%2Fv2%2Fproduct_brand&post=32347"},{"taxonomy":"product_cat","embeddable":true,"href":"https:\/\/mjimport.com.br\/index.php?rest_route=%2Fwp%2Fv2%2Fproduct_cat&post=32347"},{"taxonomy":"product_tag","embeddable":true,"href":"https:\/\/mjimport.com.br\/index.php?rest_route=%2Fwp%2Fv2%2Fproduct_tag&post=32347"}],"curies":[{"name":"wp","href":"https:\/\/api.w.org\/{rel}","templated":true}]}}