{"id":32577,"date":"2026-04-07T13:30:31","date_gmt":"2026-04-07T13:30:31","guid":{"rendered":"https:\/\/mjimport.com.br\/?post_type=product&#038;p=32577"},"modified":"2026-04-07T13:30:32","modified_gmt":"2026-04-07T13:30:32","slug":"bolsa-termica-oasis-oxford-oih-4305","status":"publish","type":"product","link":"https:\/\/mjimport.com.br\/?product=bolsa-termica-oasis-oxford-oih-4305","title":{"rendered":"Bolsa T\u00e9rmica O\u00e1sis Oxford OIH-4305"},"content":{"rendered":"","protected":false},"excerpt":{"rendered":"<h1 class=\"product_title entry-title wd-entities-title\">Bolsa T\u00e9rmica O\u00e1sis Oxford OIH-4305<\/h1>\n<div data-sn-op=\"2\">\n<div class=\"Y3BBE\" data-sfc-cp=\"\" data-sfc-root=\"c\" data-sfc-cb=\"\" data-hveid=\"CAEQAA\" data-complete=\"true\">A\u00a0<strong class=\"Yjhzub\" data-sfc-root=\"c\" data-sfc-cb=\"\" data-complete=\"true\"><span data-sfc-root=\"c\" data-wiz-uids=\"S4Sk0_h\" data-sfc-cb=\"\" data-complete=\"true\"><a class=\"GI370e\" href=\"https:\/\/www.google.com\/search?q=Bolsa+T%C3%A9rmica+O%C3%A1sis+Oxford+OIH-4306&amp;oq=&amp;gs_lcrp=EgZjaHJvbWUqCQgCEEUYOxjCAzIJCAAQRRg7GMIDMgkIARBFGDsYwgMyCQgCEEUYOxjCAzIJCAMQRRg7GMIDMgkIBBBFGDsYwgMyCQgFEEUYOxjCAzIJCAYQRRg7GMIDMgkIBxBFGDsYwgPSAQkzNjM2ajBqMTWoAgiwAgHxBSMeJ1Rx2kWs&amp;sourceid=chrome&amp;ie=UTF-8&amp;ved=2ahUKEwjD-tLc6tuTAxWZALkGHTiKF2AQgK4QegQIARAB\" data-ved=\"2ahUKEwjD-tLc6tuTAxWZALkGHTiKF2AQgK4QegQIARAB\" data-hveid=\"CAEQAQ\">Bolsa T\u00e9rmica O\u00e1sis Oxford OIH-4305<\/a><\/span><\/strong>\u00a0<mark class=\"HxTRcb\" data-sfc-root=\"c\" data-sfc-cb=\"\" data-complete=\"true\">\u00e9 um acess\u00f3rio pr\u00e1tico projetado para o transporte de alimentos e bebidas, ideal para manter marmitas e lanches organizados e na temperatura correta durante o dia a dia<\/mark>. Possui al\u00e7as para facilitar o transporte e um design focado na funcionalidade para trabalho ou lazer.<span class=\"uJ19be notranslate\" data-sfc-root=\"c\" data-wiz-uids=\"S4Sk0_k,S4Sk0_l\" data-sfc-cb=\"\" data-complete=\"true\"><span class=\"vKEkVd\" data-animation-atomic=\"\" data-wiz-attrbind=\"class=S4Sk0_j\/TKHnVd\"><span aria-hidden=\"true\">\u00a0<\/span><\/span><\/span><\/div>\n<\/div>\n<div data-sn-op=\"2\">\n<div class=\"Y3BBE\" data-sfc-cp=\"\" data-sfc-root=\"c\" data-sfc-cb=\"\" data-hveid=\"CAIQAA\" data-complete=\"true\"><strong class=\"Yjhzub\" data-sfc-root=\"c\" data-sfc-cb=\"\" data-complete=\"true\">Principais caracter\u00edsticas mencionadas:<\/strong><\/div>\n<\/div>\n<div data-sn-op=\"2\">\n<ul class=\"KsbFXc U6u95\" data-sfc-root=\"c\" data-sfc-cb=\"\" data-complete=\"true\">\n<li class=\"dF3vjf\" data-sfc-root=\"c\" data-sfc-cb=\"\" data-hveid=\"CAMQAA\" data-complete=\"true\"><span class=\"T286Pc\" data-sfc-cp=\"\" data-sfc-root=\"c\" data-sfc-cb=\"\" data-complete=\"true\"><strong class=\"Yjhzub\" data-sfc-root=\"c\" data-sfc-cb=\"\" data-complete=\"true\">Finalidade:<\/strong>\u00a0Ideal para manter a temperatura de marmitas e lanches.<\/span><\/li>\n<li class=\"dF3vjf\" data-sfc-root=\"c\" data-sfc-cb=\"\" data-hveid=\"CAMQAQ\" data-complete=\"true\"><span class=\"T286Pc\" data-sfc-cp=\"\" data-sfc-root=\"c\" data-sfc-cb=\"\" data-complete=\"true\"><strong class=\"Yjhzub\" data-sfc-root=\"c\" data-sfc-cb=\"\" data-complete=\"true\">Material:<\/strong>\u00a0Tecido Oxford, oferecendo resist\u00eancia e durabilidade.<\/span><\/li>\n<li class=\"dF3vjf\" data-sfc-root=\"c\" data-sfc-cb=\"\" data-hveid=\"CAMQAg\" data-complete=\"true\"><span class=\"T286Pc\" data-sfc-cp=\"\" data-sfc-root=\"c\" data-sfc-cb=\"\" data-complete=\"true\"><strong class=\"Yjhzub\" data-sfc-root=\"c\" data-sfc-cb=\"\" data-complete=\"true\">Transporte:<\/strong>\u00a0Equipada com al\u00e7as, facilitando o transporte di\u00e1rio.<\/span><\/li>\n<li class=\"dF3vjf\" data-sfc-root=\"c\" data-sfc-cb=\"\" data-hveid=\"CAMQAw\" data-complete=\"true\"><span class=\"T286Pc\" data-sfc-cp=\"\" data-sfc-root=\"c\" data-sfc-cb=\"\" data-complete=\"true\"><strong class=\"Yjhzub\" data-sfc-root=\"c\" data-sfc-cb=\"\" data-complete=\"true\">Uso:<\/strong>\u00a0Pr\u00e1tica para quem passa o dia fora, estudantes ou transporte de bebidas<\/span><\/li>\n<\/ul>\n<\/div>\n","protected":false},"featured_media":32578,"template":"","meta":[],"product_brand":[141],"product_cat":[114],"product_tag":[115],"class_list":{"0":"post-32577","1":"product","2":"type-product","3":"status-publish","4":"has-post-thumbnail","6":"product_brand-oasis","7":"product_cat-bolsascapas","8":"product_tag-bolsas","10":"first","11":"instock","12":"sale","13":"virtual","14":"purchasable","15":"product-type-simple"},"_links":{"self":[{"href":"https:\/\/mjimport.com.br\/index.php?rest_route=\/wp\/v2\/product\/32577","targetHints":{"allow":["GET"]}}],"collection":[{"href":"https:\/\/mjimport.com.br\/index.php?rest_route=\/wp\/v2\/product"}],"about":[{"href":"https:\/\/mjimport.com.br\/index.php?rest_route=\/wp\/v2\/types\/product"}],"version-history":[{"count":2,"href":"https:\/\/mjimport.com.br\/index.php?rest_route=\/wp\/v2\/product\/32577\/revisions"}],"predecessor-version":[{"id":32583,"href":"https:\/\/mjimport.com.br\/index.php?rest_route=\/wp\/v2\/product\/32577\/revisions\/32583"}],"wp:featuredmedia":[{"embeddable":true,"href":"https:\/\/mjimport.com.br\/index.php?rest_route=\/wp\/v2\/media\/32578"}],"wp:attachment":[{"href":"https:\/\/mjimport.com.br\/index.php?rest_route=%2Fwp%2Fv2%2Fmedia&parent=32577"}],"wp:term":[{"taxonomy":"product_brand","embeddable":true,"href":"https:\/\/mjimport.com.br\/index.php?rest_route=%2Fwp%2Fv2%2Fproduct_brand&post=32577"},{"taxonomy":"product_cat","embeddable":true,"href":"https:\/\/mjimport.com.br\/index.php?rest_route=%2Fwp%2Fv2%2Fproduct_cat&post=32577"},{"taxonomy":"product_tag","embeddable":true,"href":"https:\/\/mjimport.com.br\/index.php?rest_route=%2Fwp%2Fv2%2Fproduct_tag&post=32577"}],"curies":[{"name":"wp","href":"https:\/\/api.w.org\/{rel}","templated":true}]}}