{"id":33408,"date":"2026-05-02T13:45:40","date_gmt":"2026-05-02T13:45:40","guid":{"rendered":"https:\/\/mjimport.com.br\/?post_type=product&#038;p=33408"},"modified":"2026-05-02T13:45:40","modified_gmt":"2026-05-02T13:45:40","slug":"caixa-de-som-sem-fio-pei-s111-peining","status":"publish","type":"product","link":"https:\/\/mjimport.com.br\/?product=caixa-de-som-sem-fio-pei-s111-peining","title":{"rendered":"CAIXA DE SOM SEM FIO PEI-S111 PEINING"},"content":{"rendered":"","protected":false},"excerpt":{"rendered":"<p>CAIXA DE SOM SEM FIO PEI-S111 PEINING<br \/>\n\u2022Modelo: Pei-S111<br \/>\nMaterial: ABS + Borracha<br \/>\nTamanho do chifre : 40MM<br \/>\nTamanho do microfone: 4013<br \/>\nVers\u00e3o BT:V6.0<br \/>\nDist\u00e2ncia de trabalho (faixa BT): 10-15M<br \/>\nTens\u00e3o de entrada: DCSV<br \/>\nCorrente de entrada: 1A<br \/>\nTempo de carregamento: \u22651H<br \/>\nPot\u00eancia de sa\u00edda: 5W<br \/>\nTempo de trabalho (volume m\u00e9dio):3-5H<br \/>\nTempo de espera: 40H<br \/>\nTens\u00e3o da bateria: 3.7V<br \/>\nCapacidade da bateria: 800mAH<br \/>\nSNR (Rela\u00e7\u00e3o sinal-ru\u00eddo): 68dB<br \/>\nFormato \u00e1udio: WAV\/MP3<br \/>\nFun\u00e7\u00e3o de suporte: BT, USB, TF, AUX, TWS<br \/>\nCapacidade m\u00e1xima de suporte: 64 GB<\/p>\n","protected":false},"featured_media":33409,"template":"","meta":[],"product_brand":[99],"product_cat":[79],"product_tag":[103],"class_list":{"0":"post-33408","1":"product","2":"type-product","3":"status-publish","4":"has-post-thumbnail","6":"product_brand-peining","7":"product_cat-caixa-de-som","8":"product_tag-peining","10":"first","11":"instock","12":"sale","13":"virtual","14":"purchasable","15":"product-type-simple"},"_links":{"self":[{"href":"https:\/\/mjimport.com.br\/index.php?rest_route=\/wp\/v2\/product\/33408","targetHints":{"allow":["GET"]}}],"collection":[{"href":"https:\/\/mjimport.com.br\/index.php?rest_route=\/wp\/v2\/product"}],"about":[{"href":"https:\/\/mjimport.com.br\/index.php?rest_route=\/wp\/v2\/types\/product"}],"version-history":[{"count":2,"href":"https:\/\/mjimport.com.br\/index.php?rest_route=\/wp\/v2\/product\/33408\/revisions"}],"predecessor-version":[{"id":33411,"href":"https:\/\/mjimport.com.br\/index.php?rest_route=\/wp\/v2\/product\/33408\/revisions\/33411"}],"wp:featuredmedia":[{"embeddable":true,"href":"https:\/\/mjimport.com.br\/index.php?rest_route=\/wp\/v2\/media\/33409"}],"wp:attachment":[{"href":"https:\/\/mjimport.com.br\/index.php?rest_route=%2Fwp%2Fv2%2Fmedia&parent=33408"}],"wp:term":[{"taxonomy":"product_brand","embeddable":true,"href":"https:\/\/mjimport.com.br\/index.php?rest_route=%2Fwp%2Fv2%2Fproduct_brand&post=33408"},{"taxonomy":"product_cat","embeddable":true,"href":"https:\/\/mjimport.com.br\/index.php?rest_route=%2Fwp%2Fv2%2Fproduct_cat&post=33408"},{"taxonomy":"product_tag","embeddable":true,"href":"https:\/\/mjimport.com.br\/index.php?rest_route=%2Fwp%2Fv2%2Fproduct_tag&post=33408"}],"curies":[{"name":"wp","href":"https:\/\/api.w.org\/{rel}","templated":true}]}}