{"id":33412,"date":"2026-05-02T13:49:17","date_gmt":"2026-05-02T13:49:17","guid":{"rendered":"https:\/\/mjimport.com.br\/?post_type=product&#038;p=33412"},"modified":"2026-05-02T13:49:17","modified_gmt":"2026-05-02T13:49:17","slug":"bastao-de-selfie-com-suporte-pei-sk21-peining","status":"publish","type":"product","link":"https:\/\/mjimport.com.br\/?product=bastao-de-selfie-com-suporte-pei-sk21-peining","title":{"rendered":"BAST\u00c3O DE SELFIE COM SUPORTE PEI-SK21 PEINING"},"content":{"rendered":"","protected":false},"excerpt":{"rendered":"<p>BAST\u00c3O DE SELFIE COM SUPORTE AJUST\u00c1VEL PARA CELULAR PEI-SK21 PEINING<br \/>\n\u2022Modelo: PEI-SK21<br \/>\nMaterial: ABS + PC<br \/>\n\u2022Cor: Preto<br \/>\n\u2022Vers\u00e3o Bluetooth: 5.2<br \/>\n\u2022Nome Bluetooth: PEI-SK21<br \/>\n\u2022Alcance sem fio: at\u00e9 10 metros<br \/>\n\u2022Compatibilidade do controle remoto: iOS e Android<br \/>\n\u2022Tamanho compat\u00edvel de celular: 4.7 a 7 polegadas<br \/>\n\u2022Corrente em modo de espera: 1 uA<br \/>\n\u2022Entrada de carregamento: Tipo-C<br \/>\n\u2022Comprimento do produto: ajust\u00e1vel de 25 cm a 138 cm<br \/>\nCondi\u00e7\u00f5es de carregamento: 5V 1A<br \/>\n\u2022Capacidade da bateria: 55mAh<br \/>\n\u2022Corrente de carga: cerca de 50mAh<br \/>\n\u2022Tempo para carga completa: aproximadamente 30 a 60 minutos<br \/>\n\u2022Corrente de trabalho: 300mA a 1.2A<br \/>\n\u2022Corrente em modo de espera: cerca de 0.5uA<br \/>\n\u2022Corrente de carga: cerca de 500mAh<br \/>\n\u2022Tempo de carga completa: aproximadamente 60 a 200 minutos<br \/>\n\u2022Pot\u00eancia: 14.4W<br \/>\n\u2022Tempo de uso continuo: cerca de 1 a 3 horas<\/p>\n","protected":false},"featured_media":33413,"template":"","meta":[],"product_brand":[99],"product_cat":[85],"product_tag":[103],"class_list":{"0":"post-33412","1":"product","2":"type-product","3":"status-publish","4":"has-post-thumbnail","6":"product_brand-peining","7":"product_cat-beleza","8":"product_tag-peining","10":"first","11":"instock","12":"sale","13":"virtual","14":"purchasable","15":"product-type-simple"},"_links":{"self":[{"href":"https:\/\/mjimport.com.br\/index.php?rest_route=\/wp\/v2\/product\/33412","targetHints":{"allow":["GET"]}}],"collection":[{"href":"https:\/\/mjimport.com.br\/index.php?rest_route=\/wp\/v2\/product"}],"about":[{"href":"https:\/\/mjimport.com.br\/index.php?rest_route=\/wp\/v2\/types\/product"}],"version-history":[{"count":2,"href":"https:\/\/mjimport.com.br\/index.php?rest_route=\/wp\/v2\/product\/33412\/revisions"}],"predecessor-version":[{"id":33416,"href":"https:\/\/mjimport.com.br\/index.php?rest_route=\/wp\/v2\/product\/33412\/revisions\/33416"}],"wp:featuredmedia":[{"embeddable":true,"href":"https:\/\/mjimport.com.br\/index.php?rest_route=\/wp\/v2\/media\/33413"}],"wp:attachment":[{"href":"https:\/\/mjimport.com.br\/index.php?rest_route=%2Fwp%2Fv2%2Fmedia&parent=33412"}],"wp:term":[{"taxonomy":"product_brand","embeddable":true,"href":"https:\/\/mjimport.com.br\/index.php?rest_route=%2Fwp%2Fv2%2Fproduct_brand&post=33412"},{"taxonomy":"product_cat","embeddable":true,"href":"https:\/\/mjimport.com.br\/index.php?rest_route=%2Fwp%2Fv2%2Fproduct_cat&post=33412"},{"taxonomy":"product_tag","embeddable":true,"href":"https:\/\/mjimport.com.br\/index.php?rest_route=%2Fwp%2Fv2%2Fproduct_tag&post=33412"}],"curies":[{"name":"wp","href":"https:\/\/api.w.org\/{rel}","templated":true}]}}