{"id":33452,"date":"2026-05-02T19:19:15","date_gmt":"2026-05-02T19:19:15","guid":{"rendered":"https:\/\/mjimport.com.br\/?post_type=product&#038;p=33452"},"modified":"2026-05-02T19:19:15","modified_gmt":"2026-05-02T19:19:15","slug":"fone-bluetooth-pei-p10-premium-peining","status":"publish","type":"product","link":"https:\/\/mjimport.com.br\/?product=fone-bluetooth-pei-p10-premium-peining","title":{"rendered":"FONE BLUETOOTH PEI-P10 PREMIUM PEINING"},"content":{"rendered":"","protected":false},"excerpt":{"rendered":"<p>FONE BLUETOOTH PEI-P10 PREMIUM PEINING<br \/>\n\u2022Modelo: PEI-P10 PREMIUM<br \/>\nDist\u00e2ncia de Opera\u00e7\u00e3o: 10 m<br \/>\n\u2022Pot\u00eancia de Transmiss\u00e3o: Classe 2<br \/>\n\u2022Faixa de Frequ\u00eancia: 2.402-2.480 GHz<br \/>\n\u2022Alto-falante: 40 mm<br \/>\n\u2022Bluetooth: 5.0<br \/>\n\u2022Cart\u00e3o TF Suportado: 128 MB &#8211; 32 GB<br \/>\n\u2022Tempo de Reprodu\u00e7\u00e3o de M\u00fasica: 45 h<br \/>\n\u2022Tempo de Conversa: 45 h<br \/>\n\u2022Tempo de Carregamento: 1.5 h<br \/>\n\u2022Resposta em Frequ\u00eancia de R\u00e1dio: 87.5 &#8211; 108 MHz<br \/>\n\u2022Bateria Recarreg\u00e1vel de L\u00edtio: 400 mAh<\/p>\n","protected":false},"featured_media":33453,"template":"","meta":[],"product_brand":[99],"product_cat":[78],"product_tag":[103],"class_list":{"0":"post-33452","1":"product","2":"type-product","3":"status-publish","4":"has-post-thumbnail","6":"product_brand-peining","7":"product_cat-fones","8":"product_tag-peining","10":"first","11":"instock","12":"sale","13":"virtual","14":"purchasable","15":"product-type-simple"},"_links":{"self":[{"href":"https:\/\/mjimport.com.br\/index.php?rest_route=\/wp\/v2\/product\/33452","targetHints":{"allow":["GET"]}}],"collection":[{"href":"https:\/\/mjimport.com.br\/index.php?rest_route=\/wp\/v2\/product"}],"about":[{"href":"https:\/\/mjimport.com.br\/index.php?rest_route=\/wp\/v2\/types\/product"}],"version-history":[{"count":2,"href":"https:\/\/mjimport.com.br\/index.php?rest_route=\/wp\/v2\/product\/33452\/revisions"}],"predecessor-version":[{"id":33456,"href":"https:\/\/mjimport.com.br\/index.php?rest_route=\/wp\/v2\/product\/33452\/revisions\/33456"}],"wp:featuredmedia":[{"embeddable":true,"href":"https:\/\/mjimport.com.br\/index.php?rest_route=\/wp\/v2\/media\/33453"}],"wp:attachment":[{"href":"https:\/\/mjimport.com.br\/index.php?rest_route=%2Fwp%2Fv2%2Fmedia&parent=33452"}],"wp:term":[{"taxonomy":"product_brand","embeddable":true,"href":"https:\/\/mjimport.com.br\/index.php?rest_route=%2Fwp%2Fv2%2Fproduct_brand&post=33452"},{"taxonomy":"product_cat","embeddable":true,"href":"https:\/\/mjimport.com.br\/index.php?rest_route=%2Fwp%2Fv2%2Fproduct_cat&post=33452"},{"taxonomy":"product_tag","embeddable":true,"href":"https:\/\/mjimport.com.br\/index.php?rest_route=%2Fwp%2Fv2%2Fproduct_tag&post=33452"}],"curies":[{"name":"wp","href":"https:\/\/api.w.org\/{rel}","templated":true}]}}